 Let b(u) = 2*l(u) - 9*o(u). What are the prime factors of b(9)?
2, 13
Suppose 7*u - u - 18 = 0. Suppose u*l = -2*s + 6*s - 63, 43 = 3*s + 2*l. What are the prime factors of s?
3, 5
List the prime factors of (-398698)/(-489)*3/2.
1223
Suppose g - 4*g + 57 = 0. Suppose 3*s - 3*f + g = 2*f, 4*s = 3*f - 7. Suppose s*v = -2*v + 140. What are the prime factors of v?
5, 7
Suppose -7*j = -3*j - 12. Suppose 3*r = -j*d, 0 = -3*d + d + r + 15. Suppose -59 - 96 = -d*y. List the prime factors of y.
31
Let d(g) = -102*g - 58. List the prime factors of d(-7).
2, 41
Let l be -2 - (3 + -8 + 1). Let h(p) = 2*p - 3*p**2 - 6 - l*p**3 + 3*p**3 - 2*p**3. List the prime factors of h(-5).
2, 17
Let p(n) be the third derivative of -n**4/3 + 11*n**3/3 - 2*n**2. Let y be p(9). Let s = y - -74. What are the prime factors of s?
2, 3
Let n(k) = -4*k + 1. Suppose 6*w - 5 = 11*w. List the prime factors of n(w).
5
Let h(g) = 128*g**2 + g + 1. What are the prime factors of h(-2)?
7, 73
Let d(z) = 2*z**2 + 6*z. Suppose 10 = -f - 2*r, r + r + 22 = -3*f. Let n be d(f). Suppose n = 3*x - x. What are the prime factors of x?
2, 3
Suppose 4*m - 4 - 4 = 0. Let k be (-4 + m)/(4/(-34)). Suppose -k*g + 12*g = -100. List the prime factors of g.
2, 5
Let k(b) = -170*b - 3. What are the prime factors of k(-3)?
3, 13
Suppose 547*n - 544*n - 207 = 0. What are the prime factors of n?
3, 23
Let p be 8/3 + (-8)/(-24). Suppose 0 = -w + 4*v + 3 + 16, 4*w - 3*v - 102 = 0. Suppose 0 = 3*a - h - w, -a = 2*a - p*h - 33. List the prime factors of a.
2
Suppose 0 = -5*w + 4*y + 27, y + 3*y + 12 = 0. Suppose 5*x = 3*s + 431, 0*x - w*x - 3*s + 249 = 0. What are the prime factors of x?
5, 17
Suppose -917 + 2645 = 4*v. List the prime factors of v.
2, 3
Suppose 5*b = -3*u + 15603, 5*b + u - 9626 = 5975. What are the prime factors of b?
2, 3, 5, 13
Let g be 0 - 1 - 9*-1. Suppose 33 = 3*y + 3*d, -4*d + 31 = -5*y + 104. Let p = y - g. List the prime factors of p.
5
List the prime factors of (14/3)/((-24)/(-2700)).
3, 5, 7
Suppose 45 + 69 = -3*x. Let n = 101 + x. List the prime factors of n.
3, 7
Suppose 2*a + 23 + 33 = 0. Let r be (-8)/(-28) - 1168/a. Suppose -4*q + 194 = r. List the prime factors of q.
2, 19
Let w(z) = 16*z - 2. Let k(c) = -33*c + 4. Let o(h) = 3*k(h) + 7*w(h). What are the prime factors of o(6)?
2, 19
Let a(q) be the third derivative of q**4/12 + 5*q**3/3 + 10*q**2. Let d be a(-6). List the prime factors of (128/16)/(d/(-13)).
2, 13
Let o(b) = -169*b - 3. List the prime factors of o(-4).
673
Suppose -126 + 122 = -2*u. What are the prime factors of 178/u - (-2)/(-8)*-4?
2, 3, 5
Let x be (0 - -3)/((-21)/28). Let q = x - -7. Suppose -84 = -d - q*d. What are the prime factors of d?
3, 7
Suppose j = -3*k + 2736, 4*k = -k - 25. List the prime factors of j.
3, 7, 131
Let o(i) = -138*i + 25. What are the prime factors of o(-2)?
7, 43
Let c(l) = 7*l**3 - l + 4. Let j be c(-4). What are the prime factors of (36/(-15))/(33/j)?
2
Suppose -2*y = -0*y + n, -2*y + 2*n = -6. Let s(d) = -10*d + 2*d + y - 8. What are the prime factors of s(-6)?
41
Let a be 10/40 + (-242)/8. What are the prime factors of (105/a)/(1/(-6))?
3, 7
What are the prime factors of (12/(-9))/(26705/6678 - 4)?
2, 3, 53
Suppose 0 = 3*y + 9 - 0, 0 = 3*d + 3*y - 3. Suppose -d*h + 0*h = -60. List the prime factors of (-174)/h*(-5)/2.
29
List the prime factors of ((-42)/35)/(5/(7150/(-4))).
3, 11, 13
Let x = 347 + -205. Let z = x + -56. What are the prime factors of z?
2, 43
Suppose 3*n + 2*k = -k - 90, 4*k - 40 = n. Let f = n + -5. Let w = 0 - f. What are the prime factors of w?
37
Let m be 15/(-24)*-4*(-344)/(-10). Suppose -560 = -3*z - m. List the prime factors of z.
2, 79
Let y = 90 - 78. Let t = y + 43. List the prime factors of t.
5, 11
Let i(f) = -2*f**2 + 8*f + 6. Let k(x) = -5*x**2 + 24*x + 18. Let v(c) = 8*i(c) - 3*k(c). Let n be v(-6). List the prime factors of 8/(-3)*n/(-4).
2
Suppose -7*o + 7734 = -4005. List the prime factors of o.
3, 13, 43
Let p = -34 + 188. Suppose 2*v + 0*v + 4*n - 70 = 0, -5*v - 3*n = -p. What are the prime factors of v?
29
Let j be 16/6 + (-1)/(-3). Suppose -3*h + 192 = -j. List the prime factors of h.
5, 13
Let r(g) = g**2 + 3*g - 6. Suppose 0*k - k - 2*n - 3 = 0, -k - 13 = 4*n. What are the prime factors of r(k)?
2
Let f(l) = 2*l**3 - 2*l + 2*l**3 + 16 - 13 + l. List the prime factors of f(3).
2, 3
Let r(u) = 51*u**2 - 7*u - 6. What are the prime factors of r(-7)?
2, 31, 41
Let w be (-1)/(15/9 - 2). Suppose -14 = -m - 2*d, 5*d - 34 = -w*m + 8. What are the prime factors of m?
2, 7
List the prime factors of ((-288)/96)/(1/(-199)).
3, 199
Let c(o) = 17 + 7*o - 11 - 5. List the prime factors of c(9).
2
Let a = -834 - -2769. List the prime factors of a.
3, 5, 43
Let l(c) = -c - 18. Suppose -4*m + 2*m - 24 = 0. Let f be l(m). Let h(t) = -6*t - 7. List the prime factors of h(f).
29
Let r be (-6951)/(-56) - (-7)/(-56). Suppose 0*v = -z + 5*v + 102, -z + 2*v = -87. Let t = r - z. List the prime factors of t.
47
Let a = -20 - -12. Let x(r) = 2*r + 4. Let c(w) = -8*w - 12. Let s(v) = 3*c(v) + 10*x(v). List the prime factors of s(a).
2, 3
Let g(v) = -21*v**2 - v + 2. Let t be g(1). Let c = 21 - t. List the prime factors of c.
41
Let j(m) = 2*m**2 - 12*m + 2. Let a be j(6). Let i(v) = 44*v**2 + 4*v - 4. List the prime factors of i(a).
2, 3, 5
Let n(d) = -d**3 + 3*d**2 + 6*d - 4. Let h(x) = -x + 2. Let o be h(-2). Let u be n(o). Suppose -u*a = -0*a - 8. List the prime factors of a.
2
Let q = 97 - 23. Suppose 0 = -5*n + 299 - q. Suppose -117 + n = -4*h. List the prime factors of h.
2, 3
Let t = -6 + 12. Let l(j) = -j**3 + 2*j**2 + 10*j - 10. Let o be l(t). Let c = -43 - o. What are the prime factors of c?
3, 17
Let y(x) = -4*x**3 + 5*x**2 + 9*x + 8. What are the prime factors of y(-7)?
2, 11, 71
Suppose 3*o + 5*n - 7 + 2 = 0, 3*o = n + 35. Let d be ((-112)/o)/(2/(-5)). Suppose j - 72 = -d. List the prime factors of j.
2, 11
Suppose -2*x + 37 + 19 = 0. Let r = -16 + 9. What are the prime factors of r/x + 178/8?
2, 11
Let z(p) = p**3 - 16*p**2 + 6*p + 13. List the prime factors of z(17).
2, 101
Let l = -332 + 439. What are the prime factors of l?
107
Let y = 450 + 277. What are the prime factors of y?
727
Suppose 14*i = 9*i + 3*v + 303, 3*i + 5*v - 209 = 0. What are the prime factors of i?
3, 7
Let j be (-2)/(-4)*54 - 1. Let m = j - 44. Let h = 30 + m. List the prime factors of h.
2, 3
Let j be (3 - 8) + 34 - -4. Let h be 6/(-4)*16/(-12). List the prime factors of (j - 6/h) + 1.
31
Suppose -3*g + 2*s + 2849 = -1225, -5*g - 5*s + 6815 = 0. Suppose 121*y - 116*y - g = 0. List the prime factors of y.
2, 17
Suppose -2 = 6*m - 7*m. Suppose -m*c - 6 = 0, 4*v = 3*v - c + 96. What are the prime factors of v?
3, 11
Suppose 4*v = 2*v. Let o be v*(6/3 - 1). Suppose o = 3*w - 0*w - 5*i + 4, -19 = -2*w - i. List the prime factors of w.
7
Let m(j) = -j**3 - 9*j**2 + 12*j - 55. List the prime factors of m(-16).
3, 5, 103
List the prime factors of (3 + 8/(-4))*768/2.
2, 3
Suppose 8 = -3*y + 4*p + 30, -4*p - 12 = 2*y. Let j = -1 - y. What are the prime factors of 141/2 - j/2?
2, 3
Let z(l) = -l + 8. Let n be z(5). Suppose -5*w + 20 = 0, -w - 4 = j - 3*w. Suppose 5*m - 68 = -j*o, n*o + 2*m - 50 = -2*m. List the prime factors of o.
2, 11
Let u(p) = 10*p + 49*p - 14*p. List the prime factors of u(1).
3, 5
Suppose -6*j + 0*j + 1812 = 0. List the prime factors of j.
2, 151
Let p be 18/(-30) - 46/(-10). Let v = 10 + -6. Suppose 0 = -u - c + 81 - 11, -v*u = -p*c - 240. What are the prime factors of u?
5, 13
Suppose y - 3*z - 1851 = 0, -y - 5*z + 1864 = -11. List the prime factors of y.
2, 3, 5, 31
Suppose 90*a = 92*a - 762. What are the prime factors of a?
3, 127
Let d = -1030 - -2800. What are the prime factors of d?
2, 3, 5, 59
Let h(y) = y**3 + 4*y**2 - 4*y - 12. Let t be h(-4). Suppose -t*d + 0*d + 8 = 0. What are the prime factors of d?
2
Let p = -60 - -63. Suppose -4*l = 5*w - 47, -48 + 12 = -3*w - 5*l. Suppose w*u - p*u = 168. List the prime factors of u.
2, 3, 7
Let k be (-77)/63 - (-6)/27. Let f be k*(5 - 4) - -4. Let z(x) = 2*x + 1. What are the prime factors of z(f)?
7
Suppose 3*b - 4*z - 48 = 9, 5*z = 3*b - 57. Suppose -o + b = 4*m, -3*o + m + 59 = -63. What are the prime factors of o?
3, 13
Suppose -1396 = -7*v + 3*v. Suppose